the highest common divisor of 12328 and 95944?
536
Calculate the highest common factor of 42 and 1203874.
14
Calculate the greatest common factor of 5100 and 303.
3
What is the highest common factor of 61397 and 441?
49
Calculate the greatest common divisor of 4352 and 2754.
34
What is the greatest common divisor of 325 and 962?
13
What is the greatest common divisor of 85940 and 40?
20
Calculate the highest common factor of 691119 and 104.
13
What is the highest common factor of 91 and 19799?
13
Calculate the highest common factor of 10740124 and 68.
68
What is the highest common divisor of 14952 and 89040?
168
Calculate the greatest common factor of 175 and 141890.
35
What is the greatest common factor of 113273 and 227?
227
What is the highest common divisor of 655955 and 1651?
127
Calculate the highest common factor of 13024 and 2516.
148
What is the greatest common divisor of 218 and 222578?
218
What is the greatest common factor of 650 and 188900?
50
Calculate the highest common factor of 190269 and 118233.
783
What is the greatest common factor of 133378 and 10192?
98
What is the highest common factor of 968 and 1770824?
88
What is the highest common divisor of 36 and 153396?
36
Calculate the greatest common divisor of 968 and 1434.
2
What is the greatest common divisor of 1495130 and 8904?
742
Calculate the highest common factor of 909638 and 564.
94
What is the highest common factor of 10 and 2003?
1
What is the greatest common factor of 134048 and 426?
142
Calculate the greatest common factor of 13 and 3436589.
13
What is the highest common divisor of 985 and 14972?
197
What is the highest common factor of 47 and 3?
1
Calculate the highest common divisor of 1585590 and 204.
102
What is the greatest common factor of 159072 and 192?
96
Calculate the highest common factor of 26266 and 92.
46
What is the highest common divisor of 38586 and 1652?
118
What is the highest common divisor of 36 and 542172?
12
Calculate the highest common factor of 2194776 and 1296.
648
What is the highest common divisor of 150465 and 105?
105
What is the highest common factor of 600848 and 272?
272
What is the highest common divisor of 1078528 and 16?
16
Calculate the highest common divisor of 2710 and 71002.
542
What is the highest common factor of 306227 and 359?
359
Calculate the highest common divisor of 340312 and 16.
8
Calculate the highest common factor of 39283 and 163.
163
What is the highest common factor of 89 and 264063?
89
Calculate the greatest common divisor of 40064 and 28800.
128
What is the highest common factor of 10387 and 5499?
611
What is the greatest common factor of 74 and 1979722?
74
Calculate the greatest common factor of 3585 and 81.
3
Calculate the highest common factor of 61758 and 3196.
94
Calculate the greatest common divisor of 6 and 99438.
6
Calculate the greatest common factor of 5251 and 801.
89
What is the highest common divisor of 369378 and 252?
18
Calculate the greatest common factor of 1476 and 90756.
36
What is the highest common divisor of 4452955 and 195?
65
Calculate the highest common factor of 50 and 868110.
10
Calculate the greatest common divisor of 16900 and 41405.
845
Calculate the greatest common factor of 9606 and 1002.
6
What is the greatest common factor of 1148 and 169960?
28
What is the greatest common divisor of 12191 and 501?
167
Calculate the greatest common divisor of 438 and 179166.
6
Calculate the greatest common divisor of 9666 and 54.
54
Calculate the highest common factor of 1094000 and 250.
250
Calculate the greatest common divisor of 477 and 418329.
477
What is the highest common divisor of 296 and 371036?
148
What is the greatest common factor of 4240 and 24560?
80
What is the highest common factor of 21667 and 30887?
461
What is the greatest common divisor of 200238 and 138?
138
What is the greatest common factor of 13206 and 48?
6
Calculate the highest common factor of 96 and 86928.
48
What is the greatest common factor of 389827 and 238?
17
Calculate the greatest common factor of 1491 and 36062817.
1491
Calculate the highest common divisor of 7852 and 53152.
604
Calculate the greatest common divisor of 712 and 40088.
8
Calculate the highest common factor of 5346 and 2311254.
1782
Calculate the greatest common factor of 274 and 17399.
137
Calculate the highest common factor of 2057 and 323.
17
What is the greatest common factor of 658 and 322?
14
Calculate the greatest common divisor of 25868 and 232.
116
Calculate the greatest common factor of 28 and 92260.
28
Calculate the highest common divisor of 59823 and 765.
153
Calculate the highest common factor of 868575 and 75.
75
Calculate the greatest common divisor of 416955 and 152.
19
What is the greatest common divisor of 1628 and 105376?
148
What is the highest common divisor of 888 and 285492?
444
Calculate the greatest common divisor of 145 and 34820.
5
Calculate the highest common divisor of 966087 and 81.
81
Calculate the greatest common factor of 230 and 670.
10
What is the greatest common factor of 25 and 17680?
5
Calculate the greatest common factor of 612 and 20655.
153
What is the highest common divisor of 370 and 512894?
74
Calculate the greatest common divisor of 166 and 108398.
166
Calculate the highest common divisor of 13481 and 221.
221
What is the greatest common factor of 82 and 580109?
41
Calculate the highest common factor of 18 and 158373.
9
Calculate the highest common divisor of 93019 and 6513.
167
Calculate the highest common factor of 15 and 7770.
15
What is the greatest common factor of 160 and 47720?
40
What is the highest common divisor of 584 and 238783?
73
What is the greatest common factor of 542224 and 16?
16
What is the highest common factor of 434 and 387655?
31
Calculate the greatest common divisor of 20256 and 6.
6
What is the greatest common factor of 231680 and 13440?
640
Calculate the highest common factor of 5367660 and 15.
15
What is the greatest common divisor of 168 and 276234?
42
What is the highest common divisor of 11622 and 468?
78
What is the highest common factor of 1053356 and 568?
284
What is the greatest common factor of 17081 and 83201?
551
What is the highest common factor of 924 and 6534?
66
Calculate the highest common factor of 791648 and 26.
26
Calculate the highest common factor of 311 and 47.
1
Calculate the greatest common factor of 9975 and 1083.
57
Calculate the highest common divisor of 987 and 3572.
47
Calculate the highest common factor of 4446 and 133627.
247
Calculate the highest common divisor of 47 and 3783735.
47
Calculate the greatest common divisor of 6 and 309786.
6
What is the highest common factor of 4300 and 3612?
172
Calculate the highest common divisor of 29722365 and 95.
95
Calculate the highest common divisor of 15519 and 138193.
739
What is the highest common divisor of 36 and 5594640?
12
What is the greatest common divisor of 112405 and 80?
5
Calculate the highest common factor of 1377 and 17306.
17
What is the highest common factor of 3245 and 25?
5
What is the highest common divisor of 44 and 56397?
11
What is the greatest common factor of 936 and 94146?
78
Calculate the greatest common divisor of 19470 and 66.
66
Calculate the greatest common divisor of 182600 and 1245.
415
Calculate the greatest common divisor of 904620 and 30.
30
What is the highest common divisor of 4146 and 246?
6
Calculate the highest common factor of 125420 and 60.
20
Calculate the highest common divisor of 26791 and 1241.
73
Calculate the greatest common divisor of 690 and 83145.
345
Calculate the greatest common divisor of 114660 and 702.
234
Calculate the highest common factor of 530848 and 636.
212
What is the highest common factor of 6468 and 4900?
196
What is the highest common divisor of 206026 and 124?
62
Calculate the highest common factor of 1203 and 408.
3
What is the greatest common factor of 121344 and 144?
48
What is the greatest common factor of 260 and 2418?
26
What is the greatest common divisor of 13018 and 598?
46
Calculate the greatest common divisor of 480315 and 71.
71
What is the greatest common factor of 9 and 6693?
3
Calculate the greatest common factor of 123000 and 11625.
375
What is the greatest common divisor of 556187 and 1203?
401
What is the highe